{"id":184,"date":"2024-07-24T10:50:10","date_gmt":"2024-07-24T08:50:10","guid":{"rendered":"http:\/\/mshl.com.pl\/?page_id=184"},"modified":"2024-07-24T10:55:18","modified_gmt":"2024-07-24T08:55:18","slug":"kontakt","status":"publish","type":"page","link":"https:\/\/mshl.com.pl\/index.php\/kontakt\/","title":{"rendered":"Kontakt"},"content":{"rendered":"<div class=\"wpb-content-wrapper\"><p>[vc_row][vc_column width=&#8221;1\/4&#8243;][vc_column_text]<\/p>\n<h6>M\u0142odzie\u017cowe Stowarzyszenie Hokeja na Lodzie<\/h6>\n<p>ul. Boles\u0142awa Le\u015bmiana 7<br \/>\n87-100 Toru\u0144<br \/>\nPolska<\/p>\n<p>e-mail: <a href=\"mailto:kontakt@mshl.com.pl\">kontakt@mshl.com.pl<\/a><br \/>\ntelefon: <a href=\"http:\/\/+48601568150\">+48 601 568 150<\/a>[\/vc_column_text][\/vc_column][vc_column width=&#8221;3\/4&#8243;][vc_gmaps link=&#8221;#E-8_JTNDaWZyYW1lJTIwc3JjJTNEJTIyaHR0cHMlM0ElMkYlMkZ3d3cuZ29vZ2xlLmNvbSUyRm1hcHMlMkZlbWJlZCUzRnBiJTNEJTIxMW0xOCUyMTFtMTIlMjExbTMlMjExZDI0NDIuNDE2MjgwMzUxMTI5JTIxMmQxOC42MDAxOTA5MTYxMzgyJTIxM2Q1My4wMTM3OTA4ODAxMTgwMSUyMTJtMyUyMTFmMCUyMTJmMCUyMTNmMCUyMTNtMiUyMTFpMTAyNCUyMTJpNzY4JTIxNGYxMy4xJTIxM20zJTIxMW0yJTIxMXMweDQ3MDMxNGFiNGE2YTgxYTclMjUzQTB4NGY3ZjllMTdlMTRkOWU3NSUyMTJzQm9sZXMlMjVDNSUyNTgyYXdhJTI1MjBMZSUyNUM1JTI1OUJtaWFuYSUyNTIwNyUyNTJDJTI1MjA4Ny0xMDAlMjUyMFRvcnUlMjVDNSUyNTg0JTI1MkMlMjUyMFBvbHNrYSUyMTVlMCUyMTNtMiUyMTFzcGwlMjEyc3VzJTIxNHYxNjkwMzAxMjcxODE2JTIyJTIwd2lkdGglM0QlMjI2MDAlMjIlMjBoZWlnaHQlM0QlMjI0NTAlMjIlMjBmcmFtZWJvcmRlciUzRCUyMjAlMjIlMjBzdHlsZSUzRCUyMmJvcmRlciUzQTAlMjIlMjBhbGxvd2Z1bGxzY3JlZW4lM0UlM0MlMkZpZnJhbWUlM0U=&#8221; css_animation=&#8221;none&#8221;][\/vc_column][\/vc_row]<\/p>\n<\/div>","protected":false},"excerpt":{"rendered":"<p>[vc_row][vc_column width=&#8221;1\/4&#8243;][vc_column_text] M\u0142odzie\u017cowe Stowarzyszenie Hokeja na Lodzie ul. Boles\u0142awa Le\u015bmiana 7 87-100 Toru\u0144 Polska e-mail: kontakt@mshl.com.pl telefon: +48 601 568 150[\/vc_column_text][\/vc_column][vc_column width=&#8221;3\/4&#8243;][vc_gmaps link=&#8221;#E-8_JTNDaWZyYW1lJTIwc3JjJTNEJTIyaHR0cHMlM0ElMkYlMkZ3d3cuZ29vZ2xlLmNvbSUyRm1hcHMlMkZlbWJlZCUzRnBiJTNEJTIxMW0xOCUyMTFtMTIlMjExbTMlMjExZDI0NDIuNDE2MjgwMzUxMTI5JTIxMmQxOC42MDAxOTA5MTYxMzgyJTIxM2Q1My4wMTM3OTA4ODAxMTgwMSUyMTJtMyUyMTFmMCUyMTJmMCUyMTNmMCUyMTNtMiUyMTFpMTAyNCUyMTJpNzY4JTIxNGYxMy4xJTIxM20zJTIxMW0yJTIxMXMweDQ3MDMxNGFiNGE2YTgxYTclMjUzQTB4NGY3ZjllMTdlMTRkOWU3NSUyMTJzQm9sZXMlMjVDNSUyNTgyYXdhJTI1MjBMZSUyNUM1JTI1OUJtaWFuYSUyNTIwNyUyNTJDJTI1MjA4Ny0xMDAlMjUyMFRvcnUlMjVDNSUyNTg0JTI1MkMlMjUyMFBvbHNrYSUyMTVlMCUyMTNtMiUyMTFzcGwlMjEyc3VzJTIxNHYxNjkwMzAxMjcxODE2JTIyJTIwd2lkdGglM0QlMjI2MDAlMjIlMjBoZWlnaHQlM0QlMjI0NTAlMjIlMjBmcmFtZWJvcmRlciUzRCUyMjAlMjIlMjBzdHlsZSUzRCUyMmJvcmRlciUzQTAlMjIlMjBhbGxvd2Z1bGxzY3JlZW4lM0UlM0MlMkZpZnJhbWUlM0U=&#8221; css_animation=&#8221;none&#8221;][\/vc_column][\/vc_row]<\/p>\n","protected":false},"author":1,"featured_media":0,"parent":0,"menu_order":0,"comment_status":"closed","ping_status":"closed","template":"template-full-width.php","meta":{"_acf_changed":false,"footnotes":""},"class_list":["post-184","page","type-page","status-publish","hentry"],"acf":[],"_links":{"self":[{"href":"https:\/\/mshl.com.pl\/index.php\/wp-json\/wp\/v2\/pages\/184","targetHints":{"allow":["GET"]}}],"collection":[{"href":"https:\/\/mshl.com.pl\/index.php\/wp-json\/wp\/v2\/pages"}],"about":[{"href":"https:\/\/mshl.com.pl\/index.php\/wp-json\/wp\/v2\/types\/page"}],"author":[{"embeddable":true,"href":"https:\/\/mshl.com.pl\/index.php\/wp-json\/wp\/v2\/users\/1"}],"replies":[{"embeddable":true,"href":"https:\/\/mshl.com.pl\/index.php\/wp-json\/wp\/v2\/comments?post=184"}],"version-history":[{"count":7,"href":"https:\/\/mshl.com.pl\/index.php\/wp-json\/wp\/v2\/pages\/184\/revisions"}],"predecessor-version":[{"id":192,"href":"https:\/\/mshl.com.pl\/index.php\/wp-json\/wp\/v2\/pages\/184\/revisions\/192"}],"wp:attachment":[{"href":"https:\/\/mshl.com.pl\/index.php\/wp-json\/wp\/v2\/media?parent=184"}],"curies":[{"name":"wp","href":"https:\/\/api.w.org\/{rel}","templated":true}]}}